*a = 4*v - 200, a + 185 = 4*v. Let q(z) = z**3 - 24*z**2 - 20*z + 19. What is the remainder when q(25) is divided by v?
9
Let q = -97 - -241. Let g = 156086 + -156065. Calculate the remainder when q is divided by g.
18
Let o(z) be the second derivative of 7*z**3/3 + 100*z**2 + 2*z - 73. Calculate the remainder when o(17) is divided by 26.
22
Calculate the remainder when 19548/264 + 1/(-22) is divided by 20.
14
Suppose -4*p + 2*b = -4204, -3*p - 1355 + 4509 = -b. What is the remainder when p is divided by 172?
20
Let l(p) = -11*p - 3. Let k be l(-2). Suppose -6*q = -k + 7. What is the remainder when 82 is divided by 11 + (-2 - -1) + q?
10
Let b(w) = 6*w**2 + 17*w + 13. Let y be b(-3). Suppose 200 = 6*m - y. What is the remainder when 96 is divided by m?
24
Suppose 7*y + 174 = -897. Let n = y + 161. Calculate the remainder when ((-2)/4)/((-2)/156) is divided by n.
7
Let u(z) = z**3 + 6*z**2 + 3*z - 10. Let x be u(-5). Suppose x = 3*r - 12 - 162. Calculate the remainder when r is divided by ((-489)/33)/(-1) + 2/11.
13
Calculate the remainder when (-564)/(-658)*(-5)/((-15)/1708) is divided by 480.
8
Let c(n) = 7*n**2 + 3*n - 1. Let m = -90680 - -90841. What is the remainder when m is divided by c(2)?
29
Let j = 19944 - 19008. Calculate the remainder when j is divided by 47.
43
Let t(k) = -2*k**2 + 2. Let u be t(0). Let q(z) = 0*z**3 + z**3 - 5*z + 9*z**2 - u*z**3 + 8. Calculate the remainder when q(8) is divided by 7.
4
Let k(q) be the first derivative of 13*q**2/2 - 6*q - 32. Let j be k(2). Calculate the remainder when ((-66)/(-12))/((-38)/j - -2) is divided by 15.
10
Let l be ((-20)/(-30))/((-2)/(-51)). Suppose -l = 3*r - 62. What is the remainder when 8 is divided by 3/r - 70/(-25)?
2
Let v(q) = q**2 + 8*q - 15. Suppose -7*x = 16 - 58. Suppose 2*u = x*u + 48. What is the remainder when 96 is divided by v(u)?
30
Suppose 10403 = -53*f + 154*f. What is the remainder when 629 is divided by f?
11
What is the remainder when 1244*(-9)/(-180)*5 is divided by 109?
93
Suppose -5*c + 26 = 26. Suppose -4*g - 2*d + 182 = c, -4*d = -9*d + 15. Let f = 17 + -2. Calculate the remainder when g is divided by f.
14
Suppose -2*q + 21 = -1. Calculate the remainder when (11/(-6))/q - (-1482)/36 is divided by 22.
19
Let u = 69 - 85. Let v = 267 + u. What is the remainder when v is divided by 18?
17
Let o be 128/(-6) + (-4)/6. Suppose 0 = 958*k - 963*k + 130. Let i = o + k. What is the remainder when 19 is divided by i?
3
Suppose -188 + 17 = 19*i. What is the remainder when 130 is divided by (-24 - -6)*(-3 - 21/i)?
10
Let a(h) = -7*h - 206. Let r be 28/(-35) - 48/(-10). Suppose -r*p + 141 = 1. Calculate the remainder when p is divided by a(-31).
2
Let f = -6954 - -8181. Calculate the remainder when f is divided by 15.
12
Let j = 45 - 22. Let w = 692 - 686. Let g = j - w. Calculate the remainder when g is divided by 9.
8
Calculate the remainder when 24/32 + 901/4 is divided by 136.
90
Let b(i) = -2*i + 34. Let h = -48 + 64. Let z be b(h). Suppose -4*k = -z*k - 20. What is the remainder when 16 is divided by k?
6
Suppose x - 2682 = -2*i, -2*x - 454*i + 5355 = -451*i. Calculate the remainder when x is divided by 13.
12
Let g = 4 + 9. Let u = -65 + g. Let y = u - -59. What is the remainder when 12 is divided by y?
5
Suppose 7*l - 12541 + 12121 = 0. What is the remainder when 2271 is divided by l?
51
Let w = 504 - -570. Calculate the remainder when w is divided by 57.
48
Suppose 3*o = 2*h + 600, -2862*o + 2864*o - h - 403 = 0. Let g(p) = -17*p + 1. Calculate the remainder when o is divided by g(-3).
50
Suppose 5*m - 37357 = 3*l, 55*m - 54*m - 5*l - 7489 = 0. What is the remainder when m is divided by 18?
17
Suppose -5*m = 4*q - 8*q + 41, m + 25 = 2*q. Suppose 2*d + 8*r - q = 4*r, 5*r + 43 = 3*d. Calculate the remainder when 129 is divided by d.
8
Suppose 59*q - 3*n = 63*q - 583, 8*q = -3*n + 1151. Calculate the remainder when 5111 is divided by q.
141
Let o(b) = b**3 + 23*b**2 + 5*b + 43. Let q be o(-23). Let g = -53 - q. Suppose -24*y + 620 = -g*y. Calculate the remainder when y is divided by 14.
12
Let c = 655 - 544. Let a = 158 - c. Calculate the remainder when 374 is divided by a.
45
Let y = 68 + 17. Suppose 5*u - y = 4*u. Let l = -1650 - -1672. What is the remainder when u is divided by l?
19
Suppose 458*r + 7281 = 22395. What is the remainder when 251 is divided by r?
20
Suppose 0 = 162*m - 158*m - q - 1686, 4*m - 3*q - 1682 = 0. Calculate the remainder when m is divided by 71.
67
Let o be 3/5*2630*8/16. Suppose -5*a = -k - o, 8*k - 5*k - 635 = -4*a. Calculate the remainder when a is divided by 53.
52
Suppose -5*i = 2*t - 52, 7*t = 2*t + i + 103. Let u = t - -78. Calculate the remainder when u is divided by 26.
21
Calculate the remainder when 11/(88/28)*42 is divided by 17.
11
Let n(c) = -2*c + 69. Let p be n(30). What is the remainder when -328*1/6*(p + -12) is divided by 21?
17
Suppose -28*u = -263 - 60 + 71. What is the remainder when 192 is divided by u?
3
Suppose -2*w + 10541 = 5*k, 8440 = 4*k - 309*w + 313*w. What is the remainder when k is divided by 4?
3
Let j(k) = -204*k + 3630. Calculate the remainder when j(17) is divided by 16.
2
Suppose -4*y - 12*n + 40 = -8*n, n = -2*y + 18. Let c(o) = o**2 - 15*o + 41. Let l be c(y). Let s = 7 - l. Calculate the remainder when s is divided by 4.
2
Suppose 0*x - 5 = 5*x. Let o be 2/(x + 99/51 - 1). Let z = o - -37. What is the remainder when 24 is divided by z?
0
Suppose -3*r = q - 15, -5*q = -10*q - 5*r + 55. Suppose 0 = -5*n + p + 273, -335*p = -4*n - 333*p + 210. What is the remainder when n is divided by q?
2
Suppose -f = 20*q - 22*q + 7194, -4*q = -3*f - 14380. What is the remainder when q is divided by 35?
31
Suppose 3*y - 32863 = -z, 3*z - 21890 = 38*y - 40*y. What is the remainder when y is divided by 40?
37
Let n(b) = -9*b - 14. Let x(k) = k**2 - 14*k - 1. Let d be x(5). Let p = 51 + d. Calculate the remainder when n(-4) is divided by p.
2
Let f(y) = -38*y**2 - 31*y - 75. Let x(v) = 14*v**2 + 10*v + 25. Let c(n) = -3*f(n) - 8*x(n). Calculate the remainder when c(-9) is divided by 32.
6
Let q(w) = w**3 + 43*w**2 + 74*w - 1808. Suppose -4*s + 921 = 285. Calculate the remainder when s is divided by q(-40).
31
Let a(r) = 92*r**2 - 133*r - 1284. What is the remainder when a(-9) is divided by 127?
126
Let s(r) = -r**3 + 12*r**2 - 6*r - 3. Let n = 88 - 77. Calculate the remainder when s(n) is divided by 6 - -1 - -2*1.
7
Suppose 18*t = 3*t + 180. Calculate the remainder when (4 - -8)*32/t is divided by 15.
2
Let t be (4 + 3 + -8)*17/(-1). Let z(x) = t - 50 - 17*x + 14*x. Calculate the remainder when 51 is divided by z(-14).
6
Let i = 1842 - -3881. What is the remainder when i is divided by 14?
11
Suppose -4*n = -4*b - 176, -10*n - 2*b - 127 = -13*n. Suppose y = -2*y + 90. Suppose 3*p = -0*p + y. What is the remainder when n is divided by p?
9
Let y be (72/48)/(2/(-4) - -2). Calculate the remainder when 26 is divided by 16*(2 - 1) - y.
11
Suppose -19*u = -9*u + 1620. Let i = -126 - u. Calculate the remainder when i is divided by 10.
6
Suppose 102*l = 105*l - 1 - 95. Calculate the remainder when 2087 is divided by l.
7
Let y(s) = -37*s - 3941. What is the remainder when y(-128) is divided by 120?
75
Suppose -22*a = -20*a - x - 12040, -4*a + 24086 = -x. Calculate the remainder when a is divided by 12.
11
Suppose 0 = 57*g + 14*g - 7455. What is the remainder when 5039 is divided by g?
104
Let i = 252 + -237. Suppose 33 - i = 3*d. Calculate the remainder when 25 is divided by d.
1
Suppose 3*p - 277 = -5*c, -41*c = 3*p - 39*c - 271. Calculate the remainder when 1685 is divided by p.
83
Suppose -2*b - 2*j = -832, 0 = 3*b - j - 388 - 856. What is the remainder when b is divided by 107?
94
Let q(m) = 2*m - 21. Let w be q(13). Suppose 2*n = w*h - 32, -3*n + 2*n - 4*h + 10 = 0. Calculate the remainder when 21 is divided by 174/15 + n/(-15).
9
Let t = 602 - 542. Let x(l) = -l**3 + 20*l**2 - 16*l - 41. Calculate the remainder when t is divided by x(19).
12
Let s = -209 + 214. Suppose -12 = 3*h, 5*w = -3*h + s*h + 668. Calculate the remainder when w is divided by (-51)/9*-3*1.
13
Let i(m) = 828*m + 115. What is the remainder when i(4) is divided by 24?
19
Let q = -224 + 244. Let l(w) = -4*w**2 - 41*w + 3. Calculate the remainder